{"id":1427,"date":"2024-04-23T13:33:55","date_gmt":"2024-04-23T12:33:55","guid":{"rendered":"https:\/\/casadarte.sanpatrignano.org\/dichiarazione-sulla-privacy-ue\/"},"modified":"2026-01-22T09:22:34","modified_gmt":"2026-01-22T08:22:34","slug":"dichiarazione-sulla-privacy-ue","status":"publish","type":"page","link":"https:\/\/casadarte.sanpatrignano.org\/en\/dichiarazione-sulla-privacy-ue\/","title":{"rendered":"Dichiarazione sulla Privacy (UE)"},"content":{"rendered":"\t\t<div data-elementor-type=\"wp-page\" data-elementor-id=\"1427\" class=\"elementor elementor-1427 elementor-1425\" data-elementor-post-type=\"page\">\n\t\t\t\t\t\t<section class=\"elementor-section elementor-top-section elementor-element elementor-element-f74905b elementor-section-boxed elementor-section-height-default elementor-section-height-default\" data-id=\"f74905b\" data-element_type=\"section\" data-e-type=\"section\">\n\t\t\t\t\t\t<div class=\"elementor-container elementor-column-gap-default\">\n\t\t\t\t\t<div class=\"aux-parallax-section elementor-column elementor-col-100 elementor-top-column elementor-element elementor-element-243d475a\" data-id=\"243d475a\" data-element_type=\"column\" data-e-type=\"column\">\n\t\t\t<div class=\"elementor-widget-wrap\">\n\t\t\t\t\t\t\t<\/div>\n\t\t<\/div>\n\t\t\t\t\t<\/div>\n\t\t<\/section>\n\t\t\t\t<section class=\"elementor-section elementor-top-section elementor-element elementor-element-096963c elementor-section-boxed elementor-section-height-default elementor-section-height-default\" data-id=\"096963c\" data-element_type=\"section\" data-e-type=\"section\">\n\t\t\t\t\t\t<div class=\"elementor-container elementor-column-gap-default\">\n\t\t\t\t\t<div class=\"aux-parallax-section elementor-column elementor-col-100 elementor-top-column elementor-element elementor-element-190f48c\" data-id=\"190f48c\" data-element_type=\"column\" data-e-type=\"column\">\n\t\t\t<div class=\"elementor-widget-wrap elementor-element-populated\">\n\t\t\t\t\t\t<div class=\"elementor-element elementor-element-8e17795 elementor-widget elementor-widget-heading\" data-id=\"8e17795\" data-element_type=\"widget\" data-e-type=\"widget\" data-widget_type=\"heading.default\">\n\t\t\t\t<div class=\"elementor-widget-container\">\n\t\t\t\t\t<h3 class=\"elementor-heading-title elementor-size-default\">Informativa sulla privacy<\/h3>\t\t\t\t<\/div>\n\t\t\t\t<\/div>\n\t\t\t\t<div class=\"elementor-element elementor-element-fc8863b elementor-widget elementor-widget-heading\" data-id=\"fc8863b\" data-element_type=\"widget\" data-e-type=\"widget\" data-widget_type=\"heading.default\">\n\t\t\t\t<div class=\"elementor-widget-container\">\n\t\t\t\t\t<h5 class=\"elementor-heading-title elementor-size-default\">Titolare e finalit\u00e0 del trattamento in contitolarit\u00e0<\/h5>\t\t\t\t<\/div>\n\t\t\t\t<\/div>\n\t\t\t\t<div class=\"elementor-element elementor-element-7113b72 elementor-widget elementor-widget-text-editor\" data-id=\"7113b72\" data-element_type=\"widget\" data-e-type=\"widget\" data-widget_type=\"text-editor.default\">\n\t\t\t\t<div class=\"elementor-widget-container\">\n\t\t\t\t\t\t\t\t\t<p><em>Informativa ai sensi degli art. 13-14 del GDPR (General Data Protection Regulation) 2016\/679<\/em><\/p><p>Titolare del trattamento \u00e8 Comunit\u00e0 San Patrignano Soc. Coop. Sociale con sede in Via San Patrignano, 53 \u2013 47853 Coriano (RN) contattabile all\u2019indirizzo mail: <a href=\"mailto:presidenza@sanpatrignano.org\">presidenza@sanpatrignano.org<\/a>, oppure a quello del Responsabile del Trattamento (Dott. Nicola Cecchi): <a href=\"mailto:sistemi_informativi@sanpatrignano.org\">sistemi_informativi@sanpatrignano.org<\/a> e contitolari del trattamento ai sensi dell\u2019art. 26 (GDPR), in forza di specifico accordo di contitolarit\u00e0, sono le seguenti societ\u00e0\/ente appartenenti al medesimo gruppo ed aventi la stessa sede legale: San Patrignano Societ\u00e0 Agricola Cooperativa Sociale (indirizzo mail <a href=\"mailto:sistemi_informativi@sanpatrignano.org\">sistemi_informativi@sanpatrignano.org<\/a>) e San Patrignano Scuola e Formazione (indirizzo mail <a href=\"mailto:sistemi_informativi@sanpatrignano.org\">sistemi_informativi@sanpatrignano.org<\/a>). L\u2019accordo di contitolarit\u00e0 stipulato dai Titolari ha ad oggetto il trattamento dei dati personali necessari per le finalit\u00e0 di seguito descritte. I Titolari renderanno disponibili ulteriori informazioni su richiesta dell\u2019interessato.<\/p><p>I dati personali raccolti sono trattati per la registrazione dell\u2019iniziativa, per usufruire dei servizi richiesti, per elaborazioni di tipo statistico e per l\u2019iscrizione alla newsletter, l\u2019invio e la promozione di eventi, l\u2019invio di materiale informativo e promozionale, per iniziative di sensibilizzazione e attivit\u00e0 di raccolta fondi della Comunit\u00e0 San Patrignano Soc. Coop. Sociale e non saranno ceduti a terzi n\u00e9 trasferiti in paesi extra UE. I dati vengono trattati con modalit\u00e0, anche automatizzate (programmi software per la gestione dei dati di contatto), strettamente necessarie a tali scopi. Le comunicazioni potranno avvenire mediante telefonate con operatore, con modalit\u00e0 di contatto automatizzate o applicazioni di telefonia mobile. Il conferimento dei dati \u00e8 facoltativo, ma serve per l\u2019espletamento dei servizi richiesti, come indicato in fase di compilazione. Potranno venire a conoscenza dei dati da lei comunicati gli addetti al trattamento dei Titolari coinvolti nello svolgimento dei servizi richiesti o nella gestione tecnica del sito (limitatamente ai casi in cui ci\u00f2 sia indispensabile) ed eventuali soggetti terzi coinvolti nello svolgimento delle medesime attivit\u00e0 in qualit\u00e0 di responsabili del trattamento. Al di fuori di tali ipotesi i dati non saranno comunicati a soggetti terzi.<\/p><p>Potr\u00e0 esercitare i diritti di cui all\u2019articolo 15 del Reg. UE 2016\/679 (di accesso ai dati, di ottenerne la rettifica, cancellazione o limitazione del trattamento, di opporsi al trattamento, diritto alla portabilit\u00e0 dei dati, di revocare il consenso, di proporre reclamo all\u2019autorit\u00e0 di controllo-Garante Privacy) scrivendo ai Titolari, utilizzando i dati di contatto sopra indicati.<br \/>I dati personali verranno conservati per il periodo necessario al perseguimento delle finalit\u00e0 dettagliate in questa Informativa o per le tempistiche di legge in materia amministrativa, contabile e fiscale e comunque non oltre 10 anni dalla raccolta.<\/p>\t\t\t\t\t\t\t\t<\/div>\n\t\t\t\t<\/div>\n\t\t\t\t\t<\/div>\n\t\t<\/div>\n\t\t\t\t\t<\/div>\n\t\t<\/section>\n\t\t\t\t<\/div>\n\t\t","protected":false},"excerpt":{"rendered":"<p>Informativa sulla privacy Titolare e finalit\u00e0 del trattamento in contitolarit\u00e0 Informativa ai sensi degli art. 13-14 del GDPR (General Data Protection Regulation) 2016\/679 Titolare del trattamento \u00e8 Comunit\u00e0 San Patrignano Soc. Coop. Sociale con sede in Via San Patrignano, 53 \u2013 47853 Coriano (RN) contattabile all\u2019indirizzo mail: presidenza@sanpatrignano.org, oppure a quello del Responsabile del Trattamento [&hellip;]<\/p>\n","protected":false},"author":1,"featured_media":0,"parent":0,"menu_order":0,"comment_status":"closed","ping_status":"closed","template":"","meta":{"_acf_changed":false,"footnotes":""},"class_list":["post-1427","page","type-page","status-publish","hentry"],"acf":[],"_links":{"self":[{"href":"https:\/\/casadarte.sanpatrignano.org\/en\/wp-json\/wp\/v2\/pages\/1427","targetHints":{"allow":["GET"]}}],"collection":[{"href":"https:\/\/casadarte.sanpatrignano.org\/en\/wp-json\/wp\/v2\/pages"}],"about":[{"href":"https:\/\/casadarte.sanpatrignano.org\/en\/wp-json\/wp\/v2\/types\/page"}],"author":[{"embeddable":true,"href":"https:\/\/casadarte.sanpatrignano.org\/en\/wp-json\/wp\/v2\/users\/1"}],"replies":[{"embeddable":true,"href":"https:\/\/casadarte.sanpatrignano.org\/en\/wp-json\/wp\/v2\/comments?post=1427"}],"version-history":[{"count":7,"href":"https:\/\/casadarte.sanpatrignano.org\/en\/wp-json\/wp\/v2\/pages\/1427\/revisions"}],"predecessor-version":[{"id":2115,"href":"https:\/\/casadarte.sanpatrignano.org\/en\/wp-json\/wp\/v2\/pages\/1427\/revisions\/2115"}],"wp:attachment":[{"href":"https:\/\/casadarte.sanpatrignano.org\/en\/wp-json\/wp\/v2\/media?parent=1427"}],"curies":[{"name":"wp","href":"https:\/\/api.w.org\/{rel}","templated":true}]}}

<div data-elementor-type="wp-page" data-elementor-id="1427" class="elementor elementor-1427 elementor-1425" data-elementor-post-type="page">
						<section class="elementor-section elementor-top-section elementor-element elementor-element-f74905b elementor-section-boxed elementor-section-height-default elementor-section-height-default" data-id="f74905b" data-element_type="section" data-e-type="section">
						<div class="elementor-container elementor-column-gap-default">
					<div class="aux-parallax-section elementor-column elementor-col-100 elementor-top-column elementor-element elementor-element-243d475a" data-id="243d475a" data-element_type="column" data-e-type="column">
			<div class="elementor-widget-wrap">
							</div>
		</div>
					</div>
		</section>
				<section class="elementor-section elementor-top-section elementor-element elementor-element-096963c elementor-section-boxed elementor-section-height-default elementor-section-height-default" data-id="096963c" data-element_type="section" data-e-type="section">
						<div class="elementor-container elementor-column-gap-default">
					<div class="aux-parallax-section elementor-column elementor-col-100 elementor-top-column elementor-element elementor-element-190f48c" data-id="190f48c" data-element_type="column" data-e-type="column">
			<div class="elementor-widget-wrap elementor-element-populated">
						<div class="elementor-element elementor-element-8e17795 elementor-widget elementor-widget-heading" data-id="8e17795" data-element_type="widget" data-e-type="widget" data-widget_type="heading.default">
				<div class="elementor-widget-container">
					<h3 class="elementor-heading-title elementor-size-default">Informativa sulla privacy</h3>				</div>
				</div>
				<div class="elementor-element elementor-element-fc8863b elementor-widget elementor-widget-heading" data-id="fc8863b" data-element_type="widget" data-e-type="widget" data-widget_type="heading.default">
				<div class="elementor-widget-container">
					<h5 class="elementor-heading-title elementor-size-default">Titolare e finalità del trattamento in contitolarità</h5>				</div>
				</div>
				<div class="elementor-element elementor-element-7113b72 elementor-widget elementor-widget-text-editor" data-id="7113b72" data-element_type="widget" data-e-type="widget" data-widget_type="text-editor.default">
				<div class="elementor-widget-container">
									<p><em>Informativa ai sensi degli art. 13-14 del GDPR (General Data Protection Regulation) 2016/679</em></p><p>Titolare del trattamento è Comunità San Patrignano Soc. Coop. Sociale con sede in Via San Patrignano, 53 – 47853 Coriano (RN) contattabile all’indirizzo mail: <a href="mailto:presidenza@sanpatrignano.org">presidenza@sanpatrignano.org</a>, oppure a quello del Responsabile del Trattamento (Dott. Nicola Cecchi): <a href="mailto:sistemi_informativi@sanpatrignano.org">sistemi_informativi@sanpatrignano.org</a> e contitolari del trattamento ai sensi dell’art. 26 (GDPR), in forza di specifico accordo di contitolarità, sono le seguenti società/ente appartenenti al medesimo gruppo ed aventi la stessa sede legale: San Patrignano Società Agricola Cooperativa Sociale (indirizzo mail <a href="mailto:sistemi_informativi@sanpatrignano.org">sistemi_informativi@sanpatrignano.org</a>) e San Patrignano Scuola e Formazione (indirizzo mail <a href="mailto:sistemi_informativi@sanpatrignano.org">sistemi_informativi@sanpatrignano.org</a>). L’accordo di contitolarità stipulato dai Titolari ha ad oggetto il trattamento dei dati personali necessari per le finalità di seguito descritte. I Titolari renderanno disponibili ulteriori informazioni su richiesta dell’interessato.</p><p>I dati personali raccolti sono trattati per la registrazione dell’iniziativa, per usufruire dei servizi richiesti, per elaborazioni di tipo statistico e per l’iscrizione alla newsletter, l’invio e la promozione di eventi, l’invio di materiale informativo e promozionale, per iniziative di sensibilizzazione e attività di raccolta fondi della Comunità San Patrignano Soc. Coop. Sociale e non saranno ceduti a terzi né trasferiti in paesi extra UE. I dati vengono trattati con modalità, anche automatizzate (programmi software per la gestione dei dati di contatto), strettamente necessarie a tali scopi. Le comunicazioni potranno avvenire mediante telefonate con operatore, con modalità di contatto automatizzate o applicazioni di telefonia mobile. Il conferimento dei dati è facoltativo, ma serve per l’espletamento dei servizi richiesti, come indicato in fase di compilazione. Potranno venire a conoscenza dei dati da lei comunicati gli addetti al trattamento dei Titolari coinvolti nello svolgimento dei servizi richiesti o nella gestione tecnica del sito (limitatamente ai casi in cui ciò sia indispensabile) ed eventuali soggetti terzi coinvolti nello svolgimento delle medesime attività in qualità di responsabili del trattamento. Al di fuori di tali ipotesi i dati non saranno comunicati a soggetti terzi.</p><p>Potrà esercitare i diritti di cui all’articolo 15 del Reg. UE 2016/679 (di accesso ai dati, di ottenerne la rettifica, cancellazione o limitazione del trattamento, di opporsi al trattamento, diritto alla portabilità dei dati, di revocare il consenso, di proporre reclamo all’autorità di controllo-Garante Privacy) scrivendo ai Titolari, utilizzando i dati di contatto sopra indicati.<br />I dati personali verranno conservati per il periodo necessario al perseguimento delle finalità dettagliate in questa Informativa o per le tempistiche di legge in materia amministrativa, contabile e fiscale e comunque non oltre 10 anni dalla raccolta.</p>								</div>
				</div>
					</div>
		</div>
					</div>
		</section>
				</div>

<p>Informativa sulla privacy Titolare e finalità del trattamento in contitolarità Informativa ai sensi degli art. 13-14 del GDPR (General Data Protection Regulation) 2016/679 Titolare del trattamento è Comunità San Patrignano Soc. Coop. Sociale con sede in Via San Patrignano, 53 – 47853 Coriano (RN) contattabile all’indirizzo mail: presidenza@sanpatrignano.org, oppure a quello del Responsabile del Trattamento [&hellip;]</p>
